) to base 4.
-11003100233
485cd (base 16) to base 12
123639
142113304 (base 5) to base 2
10110100010100010011
What is -377a2 (base 15) in base 2?
-101011010001001011
142760 (base 13) to base 5
111204232
Convert 3683018 (base 10) to base 6.
210535002
125249a (base 11) to base 7
24305614
What is -818bc (base 16) in base 11?
-332732
Convert 1142631 (base 8) to base 7.
2441514
514511201 (base 6) to base 12
2b95501
10247753 (base 8) to base 6
114443055
What is 3053021 (base 6) in base 13?
51c61
Convert 34513662 (base 7) to base 2.
1011100011100000100100
-152004443 (base 6) to base 16
-306d0b
What is 203545133 (base 6) in base 3?
20200002000010
What is 1231033 (base 5) in base 13?
ab4c
19520 (base 12) to base 8
110250
What is -132772 (base 9) in base 12?
-3a932
What is -1e1c88 (base 16) in base 8?
-7416210
Convert 1740bd4 (base 14) to base 2.
101011101011011111000110
-3133201211 (base 4) to base 3
-1201111220112
180495 (base 10) to base 6
3511343
What is -2b14a (base 12) in base 8?
-166412
-100101000001010 (base 2) to base 12
-ab76
What is -44352324 (base 7) in base 3?
-21012111002110
-61403a (base 12) to base 15
-200891
747228 (base 10) to base 13
202161
What is 11120211212122 (base 3) in base 12?
996845
What is 114314 (base 9) in base 7?
404350
-65071 (base 10) to base 5
-4040241
b30801 (base 14) to base 13
1332c6a
145788 (base 12) to base 13
bc5b5
Convert -790030 (base 10) to base 9.
-1433641
2371643 (base 11) to base 2
1111110000100000110010
1858751 (base 13) to base 15
a73258
Convert -3620554 (base 7) to base 16.
-7007b
Convert 11cb32 (base 14) to base 13.
185374
12002102112 (base 3) to base 11
692a7
What is -126823 (base 10) in base 3?
-20102222011
-24302043 (base 5) to base 2
-110111110000101110
Convert -152204 (base 6) to base 12.
-8664
6282 (base 13) to base 14
4d74
What is 15246 (base 13) in base 7?
224310
Convert -141001311 (base 5) to base 8.
-2574154
210121112200202 (base 3) to base 13
24c1cbb
11302234 (base 8) to base 10
2458780
What is b771c1 (base 15) in base 13?
1a693b3
What is -31010222 (base 7) in base 6?
-131310225
Convert 541742 (base 9) to base 6.
10530315
220212111111 (base 3) to base 15
9a09d
Convert -163b107 (base 12) to base 6.
-241424411
What is -13b6b8 (base 13) in base 2?
-1110101110000000100
-1a58f (base 16) to base 3
-12111001000
Convert 1262634 (base 12) to base 8.
15617410
-2044413420 (base 5) to base 4
-100120203030
Convert -168050 (base 10) to base 14.
-45358
Convert -22010211221111 (base 3) to base 6.
-232425451
-11042741 (base 8) to base 5
-1102032220
794b7 (base 13) to base 4
311311232
What is -20112112221022 (base 3) in base 2?
-1101010000011010011001
Convert -1305022 (base 10) to base 7.
-14043505
-3034220120 (base 5) to base 3
-102121011010100
-159296 (base 12) to base 10
-368466
What is 2b65b (base 16) in base 10?
177755
Convert 21323213210 (base 4) to base 15.
366612
What is 104240143 (base 7) in base 6?
342324011
Convert -3133333 (base 5) to base 14.
-1510b
What is -bc337 (base 14) in base 7?
-3606600
What is 53025135 (base 6) in base 13?
420656
What is 2415514 (base 6) in base 10?
126982
What is 5b3c1 (base 13) in base 11?
104a47
Convert -1768ab (base 14) to base 13.
-22b624
1455a5 (base 14) to base 7
6001165
21671203 (base 8) to base 15
627581
1111011101000 (base 2) to base 13
37a8
-100861 (base 10) to base 5
-11211421
-4b4bb (base 15) to base 6
-5054205
-c4b369 (base 13) to base 12
-1656a49
What is -23030455 (base 6) in base 4?
-2223312203
Convert 1021221111212 (base 3) to base 16.
a7ecd
-8000a7 (base 16) to base 14
-11851c3
79106b (base 15) to base 13
12725c9
-1666518 (base 9) to base 5
-214224042
What is -371213 (base 9) in base 6?
-4444533
1011100000011100 (base 2) to base 10
47132
119511 (base 10) to base 2
11101001011010111
What is 7d7d1 (base 16) in base 15?
a246b
What is -40665780 (base 9) in base 14?
-28453d2
-16b642b (base 13) to base 9
-14802055
Convert -1107446 (base 8) to base 5.
-34030130
Convert 123442423 (base 5) to base 2.
10010100101101011001
-23635d (base 15) to base 16
-19cff6
Convert 422422234 (base 5) to base 10.
1764069
What is 1130301020 (base 4) in base 7?
3141542
What is -367714 (base 8) in base 3?
-20110002220
What is -2c9f8 (base 16) in base 8?
-544770
-100525505 (base 6) to base 12
-6b0895
What is 120211211 (base 3) in base 2?
10110100011111
-110100001011110100001101 (base 2) to base 4
-310023310031
-12565113 (base 8) to base 4
-22232221023
11066 (base 10) to base 3
120011212
Convert 64506435 (base 7) to base 10.
5498169
What is -101000101111001101010001 (base 2) in base 8?
-50571521
Convert -713485 (base 12) to base 11.
-aa8706
What is 817a9 (base 14) in base 2?
1001100000100101001
What is -5310401 (base 7) in base 9?
-1176575
-100001011010011110 (base 2) to base 9
-227658
1100114002 (base 5) to base 3
11102021212001
What is 362ad2 (base 14) in base 8?
7040320
-6283805 (base 11) to base 16
-a8f81a
Convert 22ccd1 (base 15) to base 14.
3142a0
Convert 2583791 (base 11) to base 9.
8363261
-188705 (base 10) to base 8
-560441
Convert -32074 (base 16) to base 13.
-7236a
Convert 18a811 (base 15) to base 12.
49a4b1
Convert 30233112012 (base 4) to base 9.
6250126
Convert 63a789 (base 12) to base 15.
2113b3
891689 (base 12) to base 9
4082326
Convert 2471c0 (base 15) to base 2.
110101010000110000000
Convert -d7c6d8 (base 15) to base 4.
-213022322033
What is -652725 (base 8) in base 15?
-44b71
-2002221222000 (base 3) to base 9
-2087860
33303412 (base 6) to base 4
3311012000
Convert -1100011000111110101000 (base 2) to base 6.
-153341120
-556252 (base 7) to base 6
-2034441
Convert 20044424 (base 5) to base 2.
100110111010000100
What is -12dc3f (base 16) in base 3?
-2022210111221
What is 6274767 (base 9) in base 5?
1324344330
Convert 688228 (base 9) to base 13.
115b80
Convert -12334421 (base 5) to base 7.
-1013313
What is a585 (base 12) in base 6?
215445
What is -1281050 (base 9) in base 8?
-2534521
Convert -4233252 (base 6) to base 14.
-55528
Convert -38dc7 (base 14) to base 12.
-68b83
3cc6c (base 15) to base 13
6aab8
-898095 (base 12) to base 10
-2191217
424250431 (base 6) to base 13
1721b90
Convert 2d36f (base 16) to base 13.
663b1
-203075 (base 8) to base 10
-67133
Convert 2300012 (base 6) to base 13.
4112c
-1452054 (base 6) to base 16
-14ae2
-25156 (base 15) to base 8
-347237
635521 (base 7) to base 8
326704
What is -ceebb (base 16) in base 7?
-10126661
What is -1010032331 (base 5) in base 8?
-7603472
Convert -3005054 (base 8) to base 2.
-11000000101000101100
Convert -166452 (base 8) to base 6.
-1145030
Convert 211100112 (base 3) to base 15.
4c65
Convert -40138 (base 14) to base 6.
-3144314
What is 11010100000100111110101 (base 2) in base 6?
404540553
-1325bb (base 13) to base 16
-70e21
What is -112010210211210 (base 3) in base 15?
-9d6a9c
Convert -2695332 (base 11) to base 5.
-2142221000
110211200211 (base 3) to base 2
111101101101000110
1203eb (base 15) to base 8
3222521
What is -14421411 (base 5) in base 14?
-404b4
What is -101000001111111000110111 (base 2) in base 9?
-21761024
882893 (base 10) to base 12
366b25
Convert -1000101001100110110 (base 2) to base 16.
-45336
What is -2407156 (base 8) in base 13?
-1a0c96
-4e026 (base 15) to base 13
-89904
Convert 43530062 (base 7) to base 6.
212043225
Convert 3783422 (base 12) to base 4.
221132022122
c2641b (base 13) to base 12
1623620
Convert 296dc (base 16) to base 15.
3542c
Convert -1375306 (base 11) to base 8.
-11011501
What is -23405421 (base 6) in base 3?
-1101012100211
What is -23c42 (base 15) in base 7?
-653522
What is -587563 (base 10) in base 7?
-4665004
-1121413313 (base 5) to base 4
-21221132320
What is 1320000 (base 4) in base 6?
55320
5710050 (base 8) to base 2
101111001000000101000
Convert 1303232 (base 4) to base 11.
5623
Convert -22235331 (base 6) to base 14.
-1377cb
-2a4749 (base 11) to base 6
-14101504
Convert 11110110111100111 (base 2) to base 4.
132313213
27906 (base 10) to base 12
14196
What is -169955 (base 11) in base 8?
-777611
Convert -2545120 (base 7) to base 12.
-13b477
1020021122 (base 3) to base 14
8bb1
What is -1e21ed (base 15) in base 11?
-918483
421341 (base 13) to base 9
2814363
305280 (base 9) to base 4
230030202
78cc (base 14) to base 6
241004
What is -13010325 (base 6) in base 16?
-66dcd
What is 141